f 4 and n.
4
Let w be 0 - (1 - 51/1). Let k(y) = y**3 - 14*y**2 + 27*y - 1. Let g be k(2). What is the highest common divisor of w and g?
5
Suppose -1968 = 2*g - 7*g - 3*m, m + 4 = 0. Let d(b) = -195*b + 1596. Let h be d(8). Calculate the greatest common divisor of h and g.
36
Suppose -431 + 1367 = 4*u. What is the highest common factor of 52 and u?
26
Suppose -2*i + 82 = -2*d, 118 = 2*i + i - 2*d. Let o be 1/4 + 11/(-44). Suppose -k + 324 = -o*k. What is the greatest common divisor of i and k?
36
Let n be (-8)/36*51*-3. Let o be (0 - 0 - 0) + -3 + n. Let g(w) = 31*w. Let x be g(9). What is the highest common divisor of x and o?
31
Suppose 2*n - 914 = -q, -4*q + 184 + 3461 = -3*n. Calculate the highest common factor of 16 and q.
16
Let z = -12 + 23. Suppose -4*v + z = h - 10, -89 = -5*h - 4*v. Let s = h + -5. Calculate the greatest common factor of s and 132.
12
Suppose 41 + 29 = 5*l. Let b(y) = 4*y + 14. Let p be b(l). Suppose -48 = -2*q + 5*t, -58 = -5*q - 2*t + 4. Calculate the highest common divisor of p and q.
14
Suppose 0 = -3*n + 12, 5*n = -2*w - 2*w + 84. Let u be -1 + (-5)/(-4) - 189/(-12). Calculate the greatest common divisor of w and u.
16
Let o = -458 - -539. Calculate the highest common factor of o and 189.
27
Let r be (0 - 31561/(-8)) + 4/(-32). Let i be r/135 - (-2)/(-9). Calculate the highest common divisor of 232 and i.
29
Let m(c) = -2*c**3 - 12*c**2 - 3*c - 13. Let h be m(-6). Suppose h*p - 108 = -13. What is the highest common divisor of 133 and p?
19
Suppose 2*q - 232 = -2*r - 0*q, 556 = 5*r - q. Suppose d = 4*b + 5*d - 196, 3*b - 4*d = r. Calculate the greatest common divisor of 4 and b.
4
Suppose 4*m - 9*m = 2*y - 409, 2*y - 5*m = 419. Calculate the greatest common divisor of y and 27.
9
Let p(i) = 2*i. Let q be p(6). Suppose -1 = -n + q. Calculate the highest common divisor of n and 13.
13
Let p be (-2 + 4)/(((-33)/(-192))/11). What is the greatest common divisor of p and 32?
32
Suppose -3*q = -8*q - 5. Let w be 7*q*(-36)/7. Calculate the greatest common factor of 18 and w.
18
Let l(g) = -g**2 - 24*g + 131. Let s be l(-28). Calculate the greatest common divisor of s and 4.
1
Let r be 0 + 2 + (45 - -1). Let h(c) = -31*c**3 - 2*c**2 - 4*c - 1. Let x be h(-1). What is the greatest common factor of x and r?
16
Suppose 5*u + 42 = 5*c - c, -c = u - 6. Let o be 1/c - (-2877)/24. Calculate the greatest common divisor of 48 and o.
24
Suppose -5*w + 20 = 0, w + 68 = 10*p - 6*p. Let o = -2 + 8. What is the highest common factor of p and o?
6
Let f be (-1*11)/((-8)/40). Let r = -45 + f. Let m(x) = x**2 + x + 5. Let o be m(4). What is the greatest common factor of r and o?
5
Suppose -2*o + 414 = -1536. What is the greatest common factor of o and 39?
39
Suppose 15*z = 14*z + 6. Let w be (-8)/(-3)*z - (-3)/(-3). Calculate the highest common factor of 10 and w.
5
Let q = 4 + -4. Suppose 0 = -4*i, 3*t - t + 3*i - 22 = q. Calculate the greatest common factor of 55 and t.
11
Suppose -31*m + 132 = -9*m. Calculate the highest common factor of 18 and m.
6
Suppose 6*k = 10*k + 16. Let p = 112 + k. Suppose -55 = -5*o + 5*i, -o + 3*i = i - 10. What is the highest common factor of o and p?
12
Suppose 5*u - 46 = -5*b + 8*u, -5*u + 4 = -b. What is the greatest common divisor of 341 and b?
11
Suppose g + 0*z - 3*z = 18, -5*g = 4*z - 71. Let l = 16 - g. Calculate the highest common divisor of l and 1.
1
Let o(c) = 7*c**2 + 75*c + 9. Let r be o(5). Calculate the highest common factor of 86 and r.
43
Let l be (24/(-10))/((-729)/9720). Let a = -100 - -148. What is the greatest common divisor of a and l?
16
Let v(x) = x**3 + 4*x**2 - 6*x - 1. Let u be v(-5). Suppose 5*s + u + 6 = 0, 14 = z + 5*s. What is the highest common divisor of 6 and z?
6
Let i be 3130/35 - 44/(-77). Calculate the highest common factor of 30 and i.
30
Let t be (-172 - -16)*3/(-2). Suppose -1566 = -8*q + t. Calculate the highest common factor of 90 and q.
45
Let z be (-3)/(-2)*60/15. Let q(g) = g**3 - 3*g**2 + g + 19. Let l be q(z). What is the greatest common factor of 19 and l?
19
Let t = 26 - 13. Let y(o) = -o. Let x be y(5). Let a = t + x. Calculate the greatest common factor of a and 64.
8
Let z(m) = 4*m**3 - 108*m**2 + 4*m - 74. Let k be z(27). What is the highest common factor of k and 850?
34
Let f(g) = 3*g + 8. Let w be f(7). Let u be 374/(-102) + (-1936)/(-6). What is the highest common factor of w and u?
29
Let j(v) = v - 10. Let y be j(3). Let k(i) = i**3 + 7*i**2 - 3*i - 4. Let m be k(y). What is the greatest common factor of m and 51?
17
Suppose 56*p - 300 = 60*p. Let d = p - -139. Calculate the greatest common factor of 8 and d.
8
Suppose -56 + 416 = 9*a. Suppose 16 = j - 0. Calculate the highest common divisor of j and a.
8
Suppose 210 + 280 = 10*c. Suppose -14 = -2*w - 0*w. Calculate the highest common divisor of w and c.
7
Let m(b) = b**2 - 8*b - 2. Let s be m(10). Let c be 9/s*(-6)/(-1). Let z be (2 - c)*(-18 + 2). Calculate the greatest common factor of z and 16.
16
Let u = 34 - 18. Suppose 5*l + 46 = a, -2*l = -13 + 9. Calculate the greatest common factor of a and u.
8
Let m = -1251 + 1341. Calculate the greatest common factor of 315 and m.
45
Let v be 8 + (4/(-5))/(5/(-25)). Calculate the greatest common factor of v and 90.
6
Let g(n) = 5*n**2 - 24*n - 13. Let d be g(6). Let f be (23/2)/(10/220). What is the highest common factor of d and f?
23
Let w = 80 - 53. Suppose 4*n - 4*j = 48, 4*j + w = 2*n + 3. What is the greatest common divisor of 15 and n?
3
Let a(z) = 224*z**2 + 2*z + 3. Let q be a(-1). Calculate the greatest common factor of q and 25.
25
Let u = 231 + -176. Calculate the greatest common factor of u and 330.
55
Let g(p) be the second derivative of -5*p**3/6 - 5*p**2/2 - 3*p. Let o be g(-4). Calculate the highest common factor of 6 and o.
3
Suppose 7*o - 8*o = -75. Calculate the greatest common factor of 60 and o.
15
Suppose 4*t - 5*c - 31 = 0, 3*c + c = 5*t - 41. Let m = 5975 + -5831. Calculate the greatest common divisor of m and t.
9
Let s be 1/2*(5 + -4)*4. Suppose -46 - 14 = -s*k. What is the highest common factor of k and 50?
10
Let w(y) = -y**3 - 4*y**2 - 3*y + 20. Let c be w(-5). Calculate the greatest common factor of 30 and c.
30
Let g = 150 + -264. Let c = -89 - g. Calculate the greatest common divisor of c and 10.
5
Let v be (-25)/(-15)*-3 - 340/(-2). Calculate the highest common divisor of v and 60.
15
Suppose 2*q + 249 - 93 = 3*s, 4*s - 209 = 3*q. Calculate the greatest common divisor of 160 and s.
10
Suppose 24 = 28*m - 24*m + 3*f, 8 = 2*f. Calculate the greatest common factor of m and 27.
3
Let h(y) = y**3 - 2*y**2 - 5. Let w be h(3). Let t be w/(36/15 + -2). Calculate the greatest common factor of t and 70.
10
Let i = -20 - -24. Suppose i*t - 87 = -23. Calculate the highest common divisor of t and 176.
16
Let z be (-70)/(-15)*(486/(-21))/(-3). Suppose -624 + 174 = -5*c. Calculate the greatest common factor of c and z.
18
Let m be 1/4 + (-120)/(-32). Let w be (0 + 2)*2/2. Suppose 69 = m*x - c, -c - 24 - 11 = -w*x. Calculate the highest common divisor of x and 85.
17
Let i = 1426 - 1201. What is the highest common factor of 75 and i?
75
Let d(o) = -o**3 + 13*o**2 + 14*o + 36. Let m be d(14). Calculate the greatest common factor of m and 78.
6
Let v = 16 + -13. Suppose v*z = 56 + 1. Suppose 5*k + 4*y + 241 - 1302 = 0, -4*k + 856 = 5*y. What is the greatest common factor of z and k?
19
Suppose -367 = -10*k + 173. Calculate the greatest common factor of k and 351.
27
Let c be (-6 - (-36)/8)*(-136)/3. Calculate the greatest common factor of c and 51.
17
Let d = 70 - 25. Suppose 5*p - p = 2*g - 32, -4*g + 69 = -3*p. Calculate the greatest common factor of d and g.
9
Let p be 1/1 - (-72 + -4). Calculate the highest common factor of p and 33.
11
Suppose 6*f = -39 + 165. Let q = f - 15. Calculate the greatest common divisor of 12 and q.
6
Let v be (18/(-4))/(6/(-80)). Suppose i = -0*i + 16. Suppose -i*x + 14*x = -40. Calculate the highest common factor of x and v.
20
Suppose 5*o - 8 - 2 = 0. Suppose 0 = -21*c + 7*c + 308. What is the greatest common divisor of c and o?
2
Let c(j) = -2*j - 22. Let f be c(-15). Suppose -f*y = -6*y - 16. Calculate the highest common factor of 20 and y.
4
Suppose l = -4*l. Suppose -4*y + 8 + 4 = l, -5*c - 